000
In base 9, what is -238315162 + 0?
-238315162
In base 7, what is 32003 - -26343?
61346
In base 8, what is 226540 + -2?
226536
In base 16, what is -315 - -684f?
653a
In base 11, what is -8a7 + 39184a?
390a53
In base 13, what is a583 - -600?
ab83
In base 11, what is 428881 - -6?
428887
In base 12, what is -a68 - -2261?
13b5
In base 12, what is 3 + a867892?
a867895
In base 10, what is -1397 - -19924?
18527
In base 5, what is 100243012 - 23204?
100214303
In base 13, what is -52 + 84b9a?
84b48
In base 7, what is 2 + -31553461?
-31553456
In base 8, what is -41741 - -100?
-41641
In base 10, what is -25 - 166416?
-166441
In base 8, what is -2460 - -17341?
14661
In base 15, what is 2b + 9285?
92b1
In base 9, what is 841211782 - 4?
841211777
In base 14, what is ac3c - 19?
ac23
In base 3, what is -10112 + -102120111?
-102201000
In base 5, what is -22 + -30133311010?
-30133311032
In base 11, what is -12433823 + 0?
-12433823
In base 3, what is 12002012110 + -2?
12002012101
In base 3, what is 1 + -2111020210120120?
-2111020210120112
In base 11, what is 256a618 - -2?
256a61a
In base 11, what is 8 + -985557?
-98554a
In base 15, what is 918 - 19832?
-18e19
In base 16, what is -11b + 3d296?
3d17b
In base 6, what is -105543453100 + -1?
-105543453101
In base 3, what is 120012 - 1210012100021?
-1210011210002
In base 3, what is 1112010221110 - -110220?
1112011102100
In base 13, what is -39085b + -1?
-39085c
In base 2, what is -100001000000111 - 100101110111?
-100101101111110
In base 16, what is -9a208 + c?
-9a1fc
In base 3, what is 0 - -10211010102012?
10211010102012
In base 6, what is -1 - 4055551042?
-4055551043
In base 13, what is 5 - -2028c881?
2028c886
In base 6, what is 1433532 + 5245?
1443221
In base 11, what is 665 - 147497?
-146932
In base 15, what is -95d1e79 + 0?
-95d1e79
In base 7, what is 120253 - -3305?
123561
In base 2, what is -1111010101100 - 1100001100?
-10000110111000
In base 13, what is 8c3 + -19bc?
-10c9
In base 13, what is -36 + -21385?
-213bb
In base 12, what is 14 - -251009b?
25100b3
In base 16, what is -56e - -25f7e?
25a10
In base 10, what is 1 - -222947?
222948
In base 2, what is 101 - 1100111001101111110001001?
-1100111001101111110000100
In base 4, what is -23 + 13000202133?
13000202110
In base 11, what is -2 + 11344aa2?
11344aa0
In base 6, what is 1 + -124525441?
-124525440
In base 12, what is -5 - -16826284?
1682627b
In base 4, what is -232 + 113133112101?
113133111203
In base 4, what is -11130023133 - -3333?
-11130013200
In base 2, what is -111001 + 110100010000111011?
110100010000000010
In base 12, what is -4a8 - -94a4?
8bb8
In base 13, what is -190 - -1a860?
1a6a0
In base 13, what is -11 + 10132?
10121
In base 7, what is -3 + 31466315?
31466312
In base 2, what is 1101110000000000100101111111 + -10?
1101110000000000100101111101
In base 8, what is 11632 + 21235?
33067
In base 10, what is -228 - -458274?
458046
In base 4, what is -30132210310 - -331?
-30132203313
In base 11, what is -5 + 70117a61?
70117a57
In base 14, what is -27 + 1c265?
1c23c
In base 15, what is 2 + -d1837d?
-d1837b
In base 5, what is -442044 - 2432?
-1000031
In base 3, what is -110211011121 + 20120?
-110210221001
In base 4, what is 12023 + 23231210?
23303233
In base 7, what is 1313516 + -140?
1313346
In base 15, what is 1738 - 385?
13a3
In base 9, what is -41 + 47336746?
47336705
In base 4, what is 10000302303 + 112?
10000303021
In base 6, what is 2 + 2143444522?
2143444524
In base 3, what is 222121220110 - 202?
222121212201
In base 16, what is -ea363 + -4?
-ea367
In base 10, what is 2639 + 152976?
155615
In base 13, what is 4 - -285465?
285469
In base 8, what is 513 + -72607?
-72074
In base 11, what is -5844 - 144?
-5988
In base 3, what is 121001012 + 11120210021?
12011211110
In base 12, what is 0 - 656367a?
-656367a
In base 8, what is -1 - 3503543?
-3503544
In base 11, what is -2735 + -38a9?
-6533
In base 2, what is -1 - 10010011101111111111100?
-10010011101111111111101
In base 4, what is -2002100312232 - -2?
-2002100312230
In base 11, what is -1661 - 2156?
-3807
In base 4, what is -11 + 11022312021211?
11022312021200
In base 7, what is 141221421 + -5?
141221413
In base 3, what is -11 + 102120111012220020?
102120111012220002
In base 5, what is 434 - -31122342?
31123331
In base 8, what is -163530 - 101?
-163631
In base 11, what is -1a99a - 28a41?
-48930
In base 4, what is -12312231 - -312013?
-12000212
In base 15, what is 4 + 18be355?
18be359
In base 11, what is 5 + 40809?
40813
In base 16, what is -1a - -8da53?
8da39
In base 14, what is 48 + -88c7d?
-88c35
In base 13, what is -27 - 347052?
-347079
In base 16, what is 9cf8 + -2c0?
9a38
In base 2, what is -1010 - 1100001111110100111001?
-1100001111110101000011
In base 13, what is -3bb853c - 3?
-3bb8542
In base 6, what is 2245355 + -4405?
2240550
In base 7, what is -125 - 2043034?
-2043162
In base 7, what is -3 + -441411651?
-441411654
In base 5, what is 2103212442 - -4?
2103213001
In base 12, what is -1 - -5015347?
5015346
In base 10, what is 44318 + -736?
43582
In base 11, what is -74731 + -74?
-747a5
In base 3, what is -1 - 200200210122202112?
-200200210122202120
In base 7, what is 141456004 + -12?
141455662
In base 5, what is -2243142213 + -13?
-2243142231
In base 13, what is 4 - 1222756?
-1222752
In base 3, what is -22202101 - 2210120?
-102112221
In base 5, what is -3 + -240212014?
-240212022
In base 10, what is -13613 - 3475?
-17088
In base 11, what is -5 + -632062?
-632067
In base 9, what is -80230 - -26?
-80203
In base 3, what is -220 - 2011022112222201?
-2011022120000121
In base 3, what is 222121 - 22220221221?
-22212222100
In base 4, what is 11131 + 110033323?
110111120
In base 11, what is -23925078 + -3?
-23925080
In base 4, what is 111202132102 + -3?
111202132033
In base 13, what is 10b336 + -22?
10b314
In base 12, what is 5376038 + 3?
537603b
In base 7, what is -1042462 + -33?
-1042525
In base 16, what is 536d6fa - 2?
536d6f8
In base 16, what is 153 - -2042?
2195
In base 15, what is 2518bc + 4?
2518c1
In base 14, what is -110c0 - 9d?
-1117d
In base 6, what is -111550 + 254544?
142554
In base 15, what is 214369 - 1?
214368
In base 3, what is -1222021 - 1101020021?
-1110012112
In base 5, what is -12313401 + 1120?
-12312231
In base 15, what is 58 - d99959?
-d99901
In base 14, what is -14 + -1d069b4?
-1d069c8
In base 11, what is -82a6a09 - 6?
-82a6a14
In base 2, what is -101111 - -11110001001101101000?
11110001001100111001
In base 3, what is 21 - -2112001012220?
2112001020011
In base 5, what is -32444001 + 4?
-32443442
In base 7, what is 34421566341 + -4?
34421566334
In base 4, what is -20203003313001 - 11?
-20203003313012
In base 2, what is -10 - -110001010111010010111110?
110001010111010010111100
In base 11, what is -36945a + 51?
-369409
In base 7, what is 1140140425 - -2?
1140140430
In base 4, what is 1231331202 + -11?
1231331131
In base 9, what is 3 - -6387313?
6387316
In base 15, what is -12216 - 73c?
-12953
In base 10, what is 8491 - -29838?
38329
In base 11, what is 5317 + 252?
5569
In base 12, what is b06 + -9271?
-8367
In base 8, what is 6607 + -36?
6551
In base 5, what is -1232124433 + 0?
-1232124433
In base 16, what is -11492f0 - -12?
-11492de
In base 9, what is -10720 + -5256?
-16076
In base 14, what is -2156 + -8072?
-a1c8
In base 7, what is 334651146 + 0?
334651146
In base 14, what is c + 6b9c49?
6b9c57
In base 14, what is 73c237 + -c3?
73c154
In base 14, what is 387c21d - 4?
387c219
In base 7, what is 1 + 33531301?
33531302
In base 7, what is -1536306 + 11645?
-1524331
In base 2, what is 11101001000111001 + 100?
11101001000111101
In base 11, what is 5 + -352a894?
-352a88a
In base 4, what is 3 + -100113130211?
-100113130202
In base 13, what is a + -183b1a4?
-183b197
In base 16, what is -701bc - 5?
-701c1
In base 11, what is -1238 + -6084?
-7311
In base 2, what is -10 - 1000100000000111101001001?
-1000100000000111101001011
In base 8, what is -65 - 646067?
-646154
In base 10, what is -5 - 63913505?
-63913510
In base 15, what is -1d40d - 6b?
-1d479
In base 2, what is 1110100110000011100011 + 110?
1110100110000011101001
In base 16, what is 8 - fb6b8?
-fb6b0
In base 16, what is -9f943c + -d?
-9f9449
In base 10, what is 236188 + 288?
236476
In base 5, what is -121144 + -230123?
-401322
In bas